{"id":33,"date":"2022-01-27T17:27:21","date_gmt":"2022-01-27T17:27:21","guid":{"rendered":"https:\/\/johan-bouguermouh.students-laplateforme.io\/CMS\/?post_type=product&#038;p=33"},"modified":"2022-01-31T15:23:49","modified_gmt":"2022-01-31T15:23:49","slug":"sidamo","status":"publish","type":"product","link":"https:\/\/johan-bouguermouh.students-laplateforme.io\/CMS\/?product=sidamo","title":{"rendered":"Sachet <br>SIDAMO"},"content":{"rendered":"<p>Paquet de caf\u00e9 moulu &#8211; 1kg<\/p>\n<p>Ce caf\u00e9 Moka d\u2019Ethiopie, cultiv\u00e9 dans la province de Sidamo, est un grand cru qui se distingue par son gout l\u00e9g\u00e8rement acidul\u00e9 et son parfum de jasmin. Il est torr\u00e9fi\u00e9 chaque semaine de mani\u00e8re traditionnelle dans nos ateliers.<\/p>\n","protected":false},"excerpt":{"rendered":"<p>Paquet de caf\u00e9 moulu &#8211; 1kg &#8211; Caf\u00e9 Moka d\u2019Ethiopie<\/p>\n","protected":false},"featured_media":34,"comment_status":"open","ping_status":"closed","template":"","meta":{"spay_email":""},"product_cat":[19],"product_tag":[],"_links":{"self":[{"href":"https:\/\/johan-bouguermouh.students-laplateforme.io\/CMS\/index.php?rest_route=\/wp\/v2\/product\/33"}],"collection":[{"href":"https:\/\/johan-bouguermouh.students-laplateforme.io\/CMS\/index.php?rest_route=\/wp\/v2\/product"}],"about":[{"href":"https:\/\/johan-bouguermouh.students-laplateforme.io\/CMS\/index.php?rest_route=\/wp\/v2\/types\/product"}],"replies":[{"embeddable":true,"href":"https:\/\/johan-bouguermouh.students-laplateforme.io\/CMS\/index.php?rest_route=%2Fwp%2Fv2%2Fcomments&post=33"}],"wp:featuredmedia":[{"embeddable":true,"href":"https:\/\/johan-bouguermouh.students-laplateforme.io\/CMS\/index.php?rest_route=\/wp\/v2\/media\/34"}],"wp:attachment":[{"href":"https:\/\/johan-bouguermouh.students-laplateforme.io\/CMS\/index.php?rest_route=%2Fwp%2Fv2%2Fmedia&parent=33"}],"wp:term":[{"taxonomy":"product_cat","embeddable":true,"href":"https:\/\/johan-bouguermouh.students-laplateforme.io\/CMS\/index.php?rest_route=%2Fwp%2Fv2%2Fproduct_cat&post=33"},{"taxonomy":"product_tag","embeddable":true,"href":"https:\/\/johan-bouguermouh.students-laplateforme.io\/CMS\/index.php?rest_route=%2Fwp%2Fv2%2Fproduct_tag&post=33"}],"curies":[{"name":"wp","href":"https:\/\/api.w.org\/{rel}","templated":true}]}}